when j is divided by d?
4
Let n = 87 + 13. What is the remainder when n is divided by 51?
49
Suppose -o + 50 = 4*o. Suppose -o = -2*m + 2. What is the remainder when 10 is divided by m?
4
Suppose -3*w + 5*w = -48. Let x be -3 + 4/(12/9). Let n = x - w. What is the remainder when n is divided by 9?
6
Let l be 2*(-6)/(-4) - -124. Let n = 182 - l. Let a = -24 + n. Calculate the remainder when a is divided by 8.
7
Let n(r) be the first derivative of -r**2 - 3 - 2*r**2 - 1 + 4*r + 4*r**2. Calculate the remainder when 39 is divided by n(5).
11
Suppose -2*g + 5*f = -7*g + 60, 2*g = 3*f + 9. Let v = -137 - -97. Let b = -6 - v. What is the remainder when b is divided by g?
7
Suppose -56 = -60*b + 58*b. Let l(a) = a**3 - 4*a. What is the remainder when b is divided by l(3)?
13
Let b(v) = v - 1. Let n be b(6). Suppose c + c + 5*p - 125 = 0, -5*c + 290 = n*p. Let x = 63 + -44. Calculate the remainder when c is divided by x.
17
Let l = 55 + -37. Calculate the remainder when 70 is divided by l.
16
Suppose 2*g + 5*v - 272 = 122, 4*g - 824 = -v. Calculate the remainder when g is divided by 42.
39
Suppose 3*d + d = 20. Suppose -d*m + 265 = t, 0 = -6*m + m + 3*t + 245. What is the remainder when m is divided by 18?
16
Let u(l) = 7*l - 5*l**2 - 6 + l**3 - 1 + 1. Let b be u(4). Suppose 0 = 2*o - 14 - b. What is the remainder when 28 is divided by o?
8
Let s = -59 + 83. Suppose -5*p + 8*p - s = 0. Calculate the remainder when (-7)/((4 - 2)/(-4)) is divided by p.
6
Suppose -2*q + 69 - 21 = -4*h, -2*q + 3 = 5*h. Suppose -5*o + 3*o = -q. Let p(v) = v**3 + v**2 + v - 1. What is the remainder when p(2) is divided by o?
6
Let s = 6 - 4. Suppose 0 = s*w - 35 - 53. What is the remainder when w is divided by 12?
8
Let n(b) = b + 6. What is the remainder when 52 is divided by n(12)?
16
Suppose -p = 2*p - 12. Suppose 6 = -3*x + p*x. Let a = 2 - 0. What is the remainder when x is divided by a?
0
Suppose -501 = -5*r - 4*w, r - 43 - 74 = -5*w. Calculate the remainder when r is divided by 25.
22
Let v = 7 - 4. What is the remainder when 62/3 - (-1)/v is divided by 6?
3
Let a(y) = -9*y - 1. Let k be a(-1). Let m = -1 + k. Calculate the remainder when m is divided by 2.
1
Let s(t) = 2*t + 2. Calculate the remainder when s(12) is divided by 14.
12
Let s be -2*((-27)/6 - -2). Suppose 5*z = -o + 7 - 17, -4*z = s*o - 13. Calculate the remainder when 17 is divided by o.
2
Let f(q) = -q + 5. What is the remainder when f(-6) is divided by 7?
4
Suppose 14 = 9*s - 31. Let f(b) = 3 - 3*b**2 - 2 + 2*b + 1 + b**3. What is the remainder when s is divided by f(2)?
1
Calculate the remainder when 6 is divided by 1/2 + (-12)/(-8).
0
Suppose -9*w + 90 = 6*w. Calculate the remainder when 22 is divided by w.
4
Let s(g) = 2*g**2 - 5*g - 1. Let x = 14 - 9. Suppose -5*h + 90 = -0*p + 2*p, -3*p + 85 = x*h. What is the remainder when h is divided by s(4)?
9
Suppose 183 = 5*k + 2*v, -2*v - 51 - 46 = -3*k. Calculate the remainder when 102 is divided by k.
32
Suppose -14 - 96 = -5*h. What is the remainder when h is divided by 12?
10
Let q = -7 - -12. Let r(i) = -i**3 + 6*i**2 + 2*i + 6. Calculate the remainder when r(q) is divided by 14.
13
Suppose -2*b + 2*k - 6 + 2 = 0, -k + 6 = 3*b. Let h be b/(-2)*6 - 6. Calculate the remainder when 20 is divided by ((-6)/h + 3)*3.
9
Let b(f) = -61*f - f**3 + 7*f**2 + 61*f. Calculate the remainder when b(4) is divided by 17.
14
Suppose -3*j + 13 - 1 = -5*z, 0 = 2*z - 5*j + 20. Suppose -4*f + 80 + 8 = z. What is the remainder when 41 is divided by f?
19
Suppose 0 = 5*t - 4*f - 353, 5*t - 354 = -f + 14. Calculate the remainder when t is divided by (-1 - 4/(-6))/((-14)/798).
16
Let j be (14/7)/((-2)/31). Let i = j + 47. What is the remainder when 61 is divided by i?
13
Let j = 36 + -22. Calculate the remainder when j is divided by -1*2/(4/(-10)).
4
Calculate the remainder when 3/(-1*4/(-104)) is divided by 20.
18
What is the remainder when (-2 + 68/8)*6 is divided by 8?
7
Suppose j + 5*z = -18, 4*z + 0*z = -j - 14. Suppose 5*y + j - 22 = 0. Suppose 0 = y*m + 2 - 54. What is the remainder when 37 is divided by m?
11
Let c(u) = u**3 + 6*u**2 - 3*u - 5. Let r = 49 - 25. Calculate the remainder when r is divided by c(-6).
11
Let i(q) = -3*q**3 - 4*q - 5. What is the remainder when 80 is divided by i(-2)?
26
Let d(m) = m**2 + 8*m - 34. What is the remainder when 27 is divided by d(-12)?
13
Let z(f) = -f**3 + 6*f**2 + 5*f - 4. Let n be z(6). Suppose -5*r - 9 - n = 0. Calculate the remainder when ((r - -2) + 3)*-17 is divided by 9.
7
Let m = 15 + 155. Suppose 3*w = -2*w + m. Let u = 58 - w. Calculate the remainder when u is divided by 13.
11
Let a = 9 - 7. Suppose 2*t - 2*p - 44 = 0, -p + a*p - 113 = -4*t. Calculate the remainder when t is divided by 7.
6
Let y = 44 - 26. What is the remainder when y is divided by 5?
3
Let a be ((-9)/(-4))/(3/(-24)). Let v = 34 + a. Suppose 5*q - 3 = 3*y + 36, -4*q = -5*y - 26. What is the remainder when v is divided by q?
7
Suppose 0 = 3*k - 5 - 1. Suppose k*w + 2*j - j = 23, 5*w - j = 47. Let c = -8 + 47. What is the remainder when c is divided by w?
9
Calculate the remainder when (20/(-2))/(1/(-4)) is divided by 14.
12
Suppose -y = -2*c - 31, 0*y + 4*y + 3*c - 157 = 0. Suppose -2*l - 4*t = l - 59, 4*l = 2*t + 42. Calculate the remainder when y is divided by l.
11
Let d(m) = 4*m**2 + 5*m + 16. Calculate the remainder when 146 is divided by d(-3).
35
What is the remainder when 87 is divided by 1 - -14*12/8?
21
Suppose 8 = -2*v + 26. Let s = 52 - 82. Let j = s - -47. What is the remainder when j is divided by v?
8
Let h = -2 - -6. Let m = 10 - 16. Calculate the remainder when h is divided by (0 - -1) + (-6)/m.
0
Let q(s) = s**2 - s - 1. Suppose -7*p + 5*p + 14 = 0. Calculate the remainder when q(-4) is divided by p.
5
Let t = 1 + 0. Let r = t - -5. Calculate the remainder when r is divided by 2.
0
Suppose 0 = u - 20 - 25. What is the remainder when u is divided by 6?
3
Let o = 5 - 1. Let r be (o/(-4))/((-2)/8). What is the remainder when (r/(-8))/((-2)/4) is divided by 1?
0
Suppose -66 = -6*k + 216. Calculate the remainder when k is divided by 12.
11
Let k(h) = h**3 + 2*h**2 - 2*h - 6. What is the remainder when 55 is divided by k(3)?
22
Let c(x) = x**3 + 8*x**2 + 12*x + 22. Calculate the remainder when 174 is divided by c(-6).
20
Let p = 32 + 21. What is the remainder when p is divided by 28?
25
Suppose -310 = -5*k + 3*d, -4*k = -3*d - d - 248. What is the remainder when k is divided by 21?
20
Let d be (4 + -1)/((-9)/24). Calculate the remainder when 15 is divided by ((-4)/(-2)*d)/(-2).
7
Suppose -k - 3*k = 0. Let m be (k + 1)*(-87)/(-3). Suppose -q + 17 = -5*f, 7*f + m = 2*q + 2*f. Calculate the remainder when 34 is divided by q.
10
Let n be 6/9 - 4/(-3). Suppose -n*q + 8 = 0, 2*l - 79 = -3*l - q. What is the remainder when 43 is divided by l?
13
Let t(s) = -5*s + 5. Let w = 0 - 0. Suppose -5*f = -b - 26, 4*b + w*b + 2*f = -16. Calculate the remainder when t(b) is divided by 18.
17
Suppose 80 = -2*j + 4*j. What is the remainder when j is divided by ((-21)/4)/((-3)/8)?
12
Suppose 3*x - 4*x = -11. Let b be 2/(-4) + (-1)/(-2). Suppose b = -4*g + 2*g + 40. Calculate the remainder when g is divided by x.
9
Let d be (-1)/(-1)*7*-2. Let x = 22 + d. Calculate the remainder when 4/(-16) + 202/x is divided by 13.
12
Let d be 91/2 + 4/(-8). Let u = d + -32. Calculate the remainder when 36 is divided by u.
10
Let v(r) = r**2 + r - 8. Let y = 13 + -3. What is the remainder when y is divided by v(-4)?
2
Let b(d) = -2*d + 26. What is the remainder when 98 is divided by b(0)?
20
Suppose 4*u = -i + 15, -3*i + u - 12 = -70. What is the remainder when 92 is divided by i?
16
Suppose x + 0*r + 2*r = 6, -5*r - 39 = -2*x. What is the remainder when 58 is divided by x?
10
Suppose -p + o - 5*o + 6 = 0, -3*o - 43 = -4*p. Calculate the remainder when 28 is divided by p.
8
Let j(t) = -t**2 + 3*t + 4. Let n be j(3). Let w(z) = z**2 - 2*z**2 + 7*z - 9 - n*z + 2*z**2. What is the remainder when w(-7) is divided by 10?
9
Let d(r) = -r + 12. What is the remainder when 25 is divided by d(3)?
7
Let d(i) be the third derivative of 23*i**5/60 - i**2. What is the remainder when d(1) is divided by 12?
11
Suppose 4*l = -9 + 25. Suppose l*q - 3*q - 39 = 0. Suppose -2*z + 9 = -5*v 